pose -206509 = 14*f - 43*f. Is f a prime number?
True
Let b be 4066383/33 + (-30)/(-110). Suppose b = -123*o + 131*o. Is o composite?
True
Let f(d) = -2139*d**3 - d**2 + 3*d. Let b be f(-3). Suppose 15*q - b = 6*q. Is q a composite number?
True
Suppose 24*m = 9*m - 8*m + 8535553. Is m composite?
True
Suppose 5*p + 2*m + 2 = 3*m, 2*p + m - 2 = 0. Suppose -3*a = a + r - 68982, p = -5*r + 10. Is a composite?
True
Let s = 16541 - 9960. Suppose 93603 + s = -8*o. Let z = -8676 - o. Is z prime?
True
Let k = 25401 + 116392. Is k prime?
True
Suppose 0 = 14*s + 12*s - 8*s - 39978. Is s composite?
False
Let z(b) = b**2 + 1. Let r(n) = 6*n**2 + 3*n - 4. Let g(w) = r(w) - 2*z(w). Let x be g(3). Is 6*(x/2 + 1) composite?
True
Let y(o) = 35*o**2 - 109*o**2 + 29*o**2 + 3*o**3 + 13 + 34*o**2 + 6*o. Is y(10) a composite number?
False
Let n(r) = -r**3 - 10*r**2 - 10*r - 94. Let j = -588 + 571. Is n(j) a composite number?
False
Is 1466070720/2880*(3 + 0) a composite number?
False
Suppose 659169 = 107*r - 3967529 + 345735. Is r prime?
True
Suppose 5*h + 3*r - 218 = 0, -r + 180 = 4*h - 0*r. Let c = h + -20. Is 4/c + 15165/39 a composite number?
False
Suppose -4*n + 1 = -35. Let k be ((-9)/n)/((-1)/(-1035)). Let q = k - -1528. Is q a prime number?
False
Suppose -c = -6*c + 2400. Suppose -8*p + 18*p - c = 0. Suppose p = -9*l + 1461. Is l a composite number?
False
Suppose -358029 - 517178 = -22*x + 751935. Is x a prime number?
True
Suppose -204 = -5*g - 2*u, -2*g + 78 = 2*u - 3*u. Let n = g - 40. Suppose -3*w = -n*w - 1407. Is w a prime number?
False
Let m(t) = -11*t**3 - 16*t**2 - 59*t - 13. Is m(-10) composite?
True
Suppose -c + 9 - 35 = -3*f, -3*c - 54 = 3*f. Let l = -22 - c. Is -1 + (7 + -4)/(l/(-50)) a composite number?
True
Let v(s) be the second derivative of 1067*s**4/12 - 5*s**3/6 - s**2/2 + 20*s. Is v(-3) a composite number?
True
Let s(j) be the first derivative of -185*j**2/2 + 142*j + 76. Is s(-29) composite?
False
Let d = 7899 + 13791. Suppose 9*j = 77157 - d. Is j prime?
True
Let g be 246/(4 + 9/60 - 4). Let w = g + -923. Is w a composite number?
True
Suppose 70 + 0 = 14*u. Suppose -12*m = -u*m + 84. Let f(y) = 3*y**2 - 7*y + 3. Is f(m) composite?
True
Suppose 62*w - 1502148 - 1201370 = 3570944. Is w a composite number?
True
Let d(a) = -8 - 3 - 2*a**2 + 3*a**3 + 0*a**2 - 2*a**3 - 4*a. Let r be d(-5). Is r*(-51)/24 + 3/12 composite?
False
Let q = 563 - -57. Suppose 2*l = -5*r + 743, 3*r - 147 = 2*r - 2*l. Let h = r + q. Is h prime?
True
Is 8/(-28)*-1 - (-1 + (-2868864)/56) a prime number?
False
Let p(q) = -6980*q + 81. Is p(-8) a prime number?
True
Suppose 3*c = f - 4963, -5*f + 2*c + 6563 = -18291. Let i = f + 1429. Is i prime?
False
Let x be 0 + -2 - 22/(-2). Let q(s) = s - 6. Let v be q(x). Is (v + (-5 - -3))*319 prime?
False
Is 36/(((-5)/4)/(172300/(-160))) - 7 composite?
True
Let t be (275680/(-50))/((-4)/(-10)). Let f = t - -24757. Is f prime?
True
Let s = 43 + -21. Let o = 27 - s. Suppose -o*q + 2*r = -r - 626, 0 = -3*q - r + 384. Is q prime?
True
Suppose -33*t + 17387140 = 165*t + 541102. Is t composite?
False
Let g(p) = -p. Let a(j) = 2*j + 30. Let k(b) = -a(b) - 5*g(b). Let f be k(9). Is (f - (-4835)/20)*4 a composite number?
True
Let n(r) = r**3 + 9*r**2 - 9*r - 25. Let c be n(-10). Let b = -37 - c. Is b + 973 + -1 - 3 a prime number?
True
Let v = 1722878 - 267729. Is v prime?
False
Suppose b = -2*b + 3030. Let t = 8606 + -7387. Suppose 3*s - b = t. Is s prime?
True
Let i be (15/10)/((-6)/(-44)). Let a(d) = -d + 13. Let l be a(i). Is 373 - (2/(3 + -2) - l) prime?
True
Let i(n) = 217*n**2 + 93*n - 1173. Is i(15) composite?
True
Let y(m) = 27887*m**2 - 37*m - 37. Is y(-1) a composite number?
True
Let t = 151 + -154. Let q(i) be the second derivative of 23*i**4/6 + 2*i**3/3 + 9*i**2/2 - 2*i. Is q(t) prime?
False
Let z(k) = k**3 - k**2 + k. Let a(s) = 16*s**3 + 3*s**2 - 9*s + 11. Let y(l) = -a(l) - 3*z(l). Is y(-6) prime?
True
Let n be 3/((-30)/(-4)) + (-3546)/(-985). Suppose -5*p - w = -2*w - 17403, -n*p = 4*w - 13932. Is p a prime number?
False
Suppose 40*m - 37*m + 57 = 0. Let k = -20 - m. Is k/(-4)*(2 - -1634) prime?
True
Let d(j) = 30128*j**2 + 15*j - 20. Let p(r) = 15065*r**2 + 8*r - 11. Let v(z) = 6*d(z) - 11*p(z). Is v(-2) a prime number?
True
Let v(h) = -745965*h + 346. Is v(-5) composite?
False
Let m be -625 + -2 + 7 + (-50)/5. Let w = 43 - m. Is w composite?
False
Suppose 0 = 3*a + c - 279138, -5*a - 4*c + 66240 = -398983. Is a composite?
False
Let k(p) = -1696*p**2 - 12*p + 13. Let g(m) = m**2. Let w(v) = -4*g(v) - k(v). Is w(2) a composite number?
False
Suppose -66484 = -0*c - 11*c. Suppose -c = -7*x + 4897. Is x composite?
True
Let w = -62 + 10. Is (-22482)/4*w/78 composite?
True
Let l = -177 - -182. Suppose -l*p + 3*t + 14751 = 0, -p = -2*p + 3*t + 2955. Is p prime?
False
Suppose -5*f + 10*f - d = 4358185, 3*f = 4*d + 2614911. Is f prime?
False
Suppose 0 = -16*a + 22489 + 4599. Is (-2 - -1) + a + (-8)/(-8) a composite number?
False
Is 5 - (-340)/(-70) - (5331918/(-21))/1 a composite number?
False
Let b = 61761 - 16948. Is b a prime number?
False
Suppose 4*b = 16*j - 14*j + 58412, -3*b + 5*j + 43809 = 0. Is b prime?
False
Let g(k) = 3*k**3 - 2*k**2 - 41*k + 111187. Is g(0) prime?
True
Let c(m) = -37*m**3 + 2*m**2 + 5*m + 7. Let d be 4*(3/(-6) + 66/(-8)). Let r = -38 - d. Is c(r) prime?
True
Suppose -3*s = -5*a + 7776, 7*s - 1546 = -a + 3*s. Let v = a - 505. Is v a prime number?
True
Let q = 154676 - 52291. Is q a prime number?
False
Let x(t) = 66*t**2 + 167*t + 204. Is x(65) prime?
False
Let p be (-4)/(((-5)/5)/6). Suppose 2*o + 0 = p. Is 2/(-3)*1761/o*-6 a composite number?
False
Let z = 231147 + 2104. Is z composite?
False
Let h(k) = k**2 - 4*k - 3. Let b be h(-1). Let l be (4/((-1)/((-12)/8)))/b. Suppose l*p + 3*r = 10680, -9509 - 8298 = -5*p + 2*r. Is p composite?
True
Let k = 95 + -94. Let b be ((-3687)/(-12))/(k/4). Suppose 629 = s - b. Is s a composite number?
True
Let s(b) = -5412*b + 254. Let a be s(-4). Let k = a - 9513. Is k composite?
True
Is ((-11)/(-22))/(27/15699798) a prime number?
True
Suppose 3*a = -2*r - 11, -6*r + r + 5 = a. Let h be (21/14)/(1/398) - r. Let x = h + 2. Is x prime?
False
Let v = -220 + 240. Suppose -15*u - 3055 = -v*u. Is u composite?
True
Suppose 50037 = d - 2*f, 5*d + 347*f - 351*f - 250197 = 0. Is d a prime number?
False
Let d be (-208)/(-36) - (-4 - (-34)/9). Suppose -8*x = -4*q - d*x + 19156, -q = 5*x - 4811. Is q a prime number?
False
Let t(l) = 5 + 1958*l**2 - 42*l + 6310*l**2 + 88*l - 42*l. Is t(-1) prime?
True
Let o(r) = -2*r**2 + 8*r + 6 + 4*r - 20 + 0 + 3*r**2 + 1686*r**3. Is o(1) composite?
True
Let u(j) = 5*j + 5. Let g(x) = -14*x - 15. Let a(h) = -6*g(h) - 17*u(h). Let o be a(5). Suppose o = -0*l + 4*l - 508. Is l composite?
False
Let h(r) = -20*r**3 + 10*r**3 + 9*r**3 + 11*r**2 + 3*r + 4. Let z be h(11). Let b = z + 226. Is b composite?
False
Let w(y) = 32*y**3 - 63*y**2 + 40*y - 176. Is w(25) prime?
False
Let z = -60733 + 158814. Is z prime?
True
Suppose 44*j - 374473 = 444587. Suppose j = -28*c + 196499. Is c prime?
True
Let n(c) = -211*c + 10. Let f be n(-10). Let j be ((-20463)/38)/(1/2). Let h = j + f. Is h composite?
True
Suppose -g + 5*d = -247153, 590453 - 96057 = 2*g + 5*d. Is g prime?
True
Suppose -1365666 - 1613106 = -12*t. Is t a composite number?
False
Suppose -63228 - 184474 = -26*v. Is v composite?
True
Let g(b) = -b**3 - 3*b**2 - 2*b + 1. Let n be g(-3). Suppose -n*p - 8372 + 29505 = 0. Is p a prime number?
True
Let t(g) = g**3 + 7 - 14*g - 3 - 7 + 2 - g**2. Is t(12) a prime number?
False
Suppose -164015 = 19*w - 1388470. Is w prime?
False
Let j(u) = 8*u + 19. Let t be j(-3). Is (-10)/(-50) - 34/t a composite number?
False
Let h(d) = d - 14. Let p be h(5). Let k(g) = -5*g**3 + 14*g**2 + 18*g - 22. Is k(p) a prime number?
False
Let r(i) = 194*i**2 + 43*i - 13. Is r(-14) prime?
True
Let h(p) = -1683*p - 214. Is h(-23) composite?
True
Suppose 25985*y - 864555 = 25982*y. Is y a prime number?
False
Is ((-126482)/(-4))/((-2)/14*(-42)/12) a composite number?
False
Let f(r) = -5*r - 2*r + 1 - 8 + r**2 - 2*r**2. Let b be f(-5). Suppose -w = -2*u + 1836, 2707 = 3*u + b*w - 38. Is u composite?
True
Is ((-434755)/(-4))/(-5)*36/63*-7 composite?
False
Let p = -21 - -36. Let g(t